 prime factors of 102.
2, 3, 17
List the prime factors of 86.
2, 43
List the prime factors of 64.
2
List the prime factors of 48570.
2, 3, 5, 1619
List the prime factors of 1331.
11
List the prime factors of 565.
5, 113
What are the prime factors of 6782?
2, 3391
List the prime factors of 61571.
23, 2677
List the prime factors of 1405.
5, 281
List the prime factors of 15797.
15797
What are the prime factors of 41924?
2, 47, 223
What are the prime factors of 11549?
11549
List the prime factors of 18400.
2, 5, 23
List the prime factors of 736.
2, 23
What are the prime factors of 16454?
2, 19, 433
What are the prime factors of 1360?
2, 5, 17
List the prime factors of 2394.
2, 3, 7, 19
List the prime factors of 130.
2, 5, 13
List the prime factors of 11557.
7, 13, 127
List the prime factors of 22136.
2, 2767
List the prime factors of 850.
2, 5, 17
List the prime factors of 16370.
2, 5, 1637
What are the prime factors of 32763?
3, 67, 163
List the prime factors of 3787.
7, 541
List the prime factors of 87795.
3, 5, 1951
List the prime factors of 7684.
2, 17, 113
What are the prime factors of 1549?
1549
List the prime factors of 37761.
3, 41, 307
What are the prime factors of 5095?
5, 1019
What are the prime factors of 173?
173
What are the prime factors of 64?
2
List the prime factors of 3999.
3, 31, 43
What are the prime factors of 379?
379
List the prime factors of 518.
2, 7, 37
List the prime factors of 538.
2, 269
List the prime factors of 7903.
7, 1129
List the prime factors of 3047.
11, 277
What are the prime factors of 5308?
2, 1327
What are the prime factors of 2151?
3, 239
List the prime factors of 5214.
2, 3, 11, 79
What are the prime factors of 4732?
2, 7, 13
List the prime factors of 801.
3, 89
List the prime factors of 109939.
17, 29, 223
List the prime factors of 23377.
97, 241
List the prime factors of 73771.
73771
What are the prime factors of 22240?
2, 5, 139
What are the prime factors of 7076?
2, 29, 61
What are the prime factors of 35894?
2, 131, 137
List the prime factors of 115704.
2, 3, 1607
List the prime factors of 417.
3, 139
What are the prime factors of 1256?
2, 157
List the prime factors of 3097.
19, 163
What are the prime factors of 2936?
2, 367
What are the prime factors of 5106?
2, 3, 23, 37
What are the prime factors of 10974?
2, 3, 31, 59
What are the prime factors of 11234?
2, 41, 137
List the prime factors of 383.
383
List the prime factors of 15034.
2, 7517
What are the prime factors of 1094?
2, 547
What are the prime factors of 328?
2, 41
List the prime factors of 2742.
2, 3, 457
List the prime factors of 87478.
2, 191, 229
List the prime factors of 8577.
3, 953
What are the prime factors of 57498?
2, 3, 7, 37
List the prime factors of 22582.
2, 7, 1613
List the prime factors of 37205.
5, 7, 1063
List the prime factors of 229.
229
List the prime factors of 30915.
3, 5, 229
List the prime factors of 33235.
5, 17, 23
List the prime factors of 99258.
2, 3, 71, 233
List the prime factors of 47255.
5, 13, 727
List the prime factors of 551.
19, 29
List the prime factors of 8297.
8297
List the prime factors of 38085.
3, 5, 2539
What are the prime factors of 6362?
2, 3181
List the prime factors of 43841.
7, 6263
What are the prime factors of 800?
2, 5
What are the prime factors of 16462?
2, 8231
List the prime factors of 71977.
167, 431
List the prime factors of 22850.
2, 5, 457
List the prime factors of 1298.
2, 11, 59
What are the prime factors of 1464?
2, 3, 61
List the prime factors of 4612.
2, 1153
What are the prime factors of 32293?
43, 751
What are the prime factors of 2120?
2, 5, 53
What are the prime factors of 561?
3, 11, 17
List the prime factors of 14553.
3, 7, 11
List the prime factors of 1183.
7, 13
List the prime factors of 1238.
2, 619
List the prime factors of 101780.
2, 5, 7, 727
List the prime factors of 787.
787
What are the prime factors of 71295?
3, 5, 7, 97
What are the prime factors of 31820?
2, 5, 37, 43
List the prime factors of 22916.
2, 17, 337
What are the prime factors of 4858?
2, 7, 347
What are the prime factors of 129864?
2, 3, 7, 773
List the prime factors of 7652.
2, 1913
List the prime factors of 24211.
11, 31, 71
What are the prime factors of 19985?
5, 7, 571
What are the prime factors of 7350?
2, 3, 5, 7
What are the prime factors of 2747?
41, 67
What are the prime factors of 60114?
2, 3, 43, 233
List the prime factors of 1878.
2, 3, 313
List the prime factors of 4121.
13, 317
List the prime factors of 1764.
2, 3, 7
List the prime factors of 43476.
2, 3, 3623
List the prime factors of 4761.
3, 23
List the prime factors of 34039.
34039
What are the prime factors of 7767?
3, 863
What are the prime factors of 52069?
52069
What are the prime factors of 96?
2, 3
List the prime factors of 54112.
2, 19, 89
List the prime factors of 1290.
2, 3, 5, 43
What are the prime factors of 1515?
3, 5, 101
List the prime factors of 66043.
211, 313
What are the prime factors of 102464?
2, 1601
What are the prime factors of 17322?
2, 3, 2887
What are the prime factors of 60908?
2, 15227
List the prime factors of 85316.
2, 7, 11, 277
What are the prime factors of 206?
2, 103
What are the prime factors of 6070?
2, 5, 607
List the prime factors of 27004.
2, 43, 157
List the prime factors of 660.
2, 3, 5, 11
List the prime factors of 850.
2, 5, 17
List the prime factors of 10543.
13, 811
What are the prime factors of 897?
3, 13, 23
What are the prime factors of 353?
353
What are the prime factors of 1003?
17, 59
What are the prime factors of 7810?
2, 5, 11, 71
List the prime factors of 5986.
2, 41, 73
What are the prime factors of 3223?
11, 293
What are the prime factors of 9758?
2, 7, 17, 41
List the prime factors of 2377.
2377
List the prime factors of 48227.
29, 1663
List the prime factors of 1043.
7, 149
List the prime factors of 40336.
2, 2521
List the prime factors of 35285.
5, 7057
List the prime factors of 1111.
11, 101
List the prime factors of 31933.
11, 2903
What are the prime factors of 32566?
2, 19, 857
List the prime factors of 370.
2, 5, 37
What are the prime factors of 4482?
2, 3, 83
What are the prime factors of 1369?
37
What are the prime factors of 21384?
2, 3, 11
What are the prime factors of 550?
2, 5, 11
What are the prime factors of 175589?
53, 3313
What are the prime factors of 977?
977
What are the prime factors of 228?
2, 3, 19
What are the prime factors of 14726?
2, 37, 199
List the prime factors of 36466.
2, 18233
List the prime factors of 30177.
3, 7, 479
What are the prime factors of 467?
467
What are the prime factors of 56421?
3, 6269
List the prime factors of 22849.
73, 313
List the prime factors of 16321.
19, 859
What are the prime factors of 7341?
3, 2447
List the prime factors of 5344.
2, 167
What are the prime factors of 26317?
26317
What are the prime factors of 1151?
1151
What are the prime factors of 10938?
2, 3, 1823
List the prime factors of 150657.
3, 13, 3863
What are the prime factors of 21050?
2, 5, 421
List the prime factors of 1433.
1433
List the prime factors of 2682.
2, 3, 149
List the prime factors of 1692.
2, 3, 47
List the prime factors of 123228.
2, 3, 7, 163
List the prime factors of 130965.
3, 5, 8731
What are the prime factors of 3737?
37, 101
What are the prime factors of 21878?
2, 10939
List the prime factors of 59302.
2, 149, 199
List the prime factors of 654.
2, 3, 109
List the prime factors of 19434.
2, 3, 41, 79
What are the prime factors of 84?
2, 3, 7
List the prime factors of 44017.
44017
List the prime factors of 737.
11, 67
List the prime factors of 5218.
2, 2609
List the prime factors of 981.
3, 109
List the prime factors of 2699.
2699
What are the prime factors of 532?
2, 7, 19
What are the prime factors of 4952?
2, 619
List the prime factors of 1013.
1013
What are the prime factors of 75729?
3, 25243
What are the prime factors of 1885?
5, 13, 29
List the prime factors of 4211.
4211
What are the prime factors of 99584?
2, 389
List the prime factors of 1552.
2, 97
List the prime factors of 11622.
2, 3, 13, 149
List the prime factors of 30958.
2, 23, 673
What are the prime factors of 5149?
19, 271
List the prime factors of 1670.
2, 5, 167
What are the prime factors of 96466?
2, 139, 347
List the prime factors of 383.
383
List the prim